mon factor of 4697 and 77?
77
Calculate the greatest common divisor of 45 and 40.
5
What is the highest common factor of 27 and 12?
3
What is the greatest common factor of 209 and 57?
19
Calculate the highest common divisor of 270 and 10.
10
Calculate the highest common factor of 392 and 11956.
196
What is the highest common divisor of 88 and 66?
22
Calculate the greatest common factor of 70 and 50.
10
What is the greatest common factor of 225 and 18?
9
What is the highest common divisor of 550 and 22?
22
What is the highest common divisor of 80 and 16?
16
Calculate the greatest common factor of 342 and 5301.
171
What is the highest common factor of 156 and 84?
12
Calculate the highest common factor of 9290 and 10.
10
What is the greatest common factor of 790 and 20?
10
Calculate the greatest common divisor of 50 and 1350.
50
What is the greatest common factor of 80 and 1216?
16
Calculate the greatest common divisor of 867 and 51.
51
Calculate the greatest common divisor of 198 and 1089.
99
What is the greatest common factor of 120 and 15?
15
Calculate the greatest common divisor of 871 and 335.
67
Calculate the greatest common divisor of 136 and 72.
8
What is the greatest common divisor of 101 and 3737?
101
Calculate the greatest common divisor of 8 and 60.
4
What is the greatest common divisor of 6 and 10518?
6
What is the highest common factor of 74 and 116?
2
Calculate the greatest common factor of 2 and 454.
2
Calculate the highest common divisor of 325 and 494.
13
What is the greatest common factor of 45 and 90?
45
What is the greatest common divisor of 226 and 8362?
226
Calculate the highest common divisor of 46 and 115.
23
What is the greatest common divisor of 36 and 6?
6
Calculate the highest common divisor of 3135 and 4560.
285
Calculate the highest common factor of 14 and 3598.
14
Calculate the greatest common divisor of 34 and 26146.
34
What is the greatest common divisor of 9 and 441?
9
What is the greatest common factor of 171 and 5586?
57
What is the greatest common divisor of 602 and 14?
14
What is the highest common factor of 72 and 1044?
36
Calculate the highest common factor of 6 and 96.
6
Calculate the greatest common divisor of 360 and 40.
40
What is the greatest common factor of 120 and 9?
3
What is the highest common factor of 588 and 84?
84
What is the highest common factor of 2508 and 456?
228
Calculate the highest common factor of 50 and 40.
10
Calculate the highest common factor of 63 and 14.
7
Calculate the greatest common divisor of 28 and 959.
7
What is the highest common factor of 850 and 50?
50
Calculate the highest common divisor of 129 and 11094.
129
What is the highest common divisor of 221 and 18343?
221
Calculate the greatest common factor of 17 and 1.
1
What is the highest common factor of 43 and 301?
43
Calculate the greatest common factor of 31 and 403.
31
Calculate the greatest common divisor of 66 and 54714.
66
What is the greatest common factor of 260 and 2580?
20
What is the greatest common factor of 486 and 11421?
243
What is the highest common factor of 28 and 70?
14
What is the greatest common factor of 2185 and 38?
19
What is the greatest common factor of 2 and 818?
2
What is the highest common factor of 11137 and 86?
43
What is the greatest common divisor of 681 and 2951?
227
What is the highest common divisor of 150 and 690?
30
Calculate the greatest common factor of 10 and 72.
2
Calculate the highest common divisor of 1110 and 333.
111
What is the highest common factor of 155 and 527?
31
Calculate the greatest common divisor of 5964 and 12.
12
What is the greatest common divisor of 3962 and 196?
14
Calculate the greatest common divisor of 336 and 532.
28
What is the highest common factor of 2664 and 48?
24
What is the greatest common factor of 24929 and 97?
97
Calculate the greatest common divisor of 1635 and 15.
15
Calculate the greatest common factor of 27 and 234.
9
Calculate the highest common divisor of 12 and 28524.
12
What is the greatest common factor of 86 and 2537?
43
What is the greatest common factor of 1573 and 121?
121
What is the greatest common divisor of 9 and 9?
9
What is the greatest common factor of 180 and 40?
20
Calculate the greatest common factor of 400 and 16.
16
What is the greatest common factor of 16810 and 110?
10
Calculate the highest common divisor of 53 and 13568.
53
Calculate the highest common divisor of 400 and 6320.
80
Calculate the highest common divisor of 154 and 28.
14
Calculate the highest common factor of 8 and 25.
1
Calculate the highest common factor of 132 and 616.
44
Calculate the greatest common divisor of 35 and 3155.
5
Calculate the highest common factor of 448 and 28.
28
What is the highest common divisor of 82 and 6?
2
Calculate the greatest common factor of 12 and 30.
6
Calculate the highest common divisor of 5100 and 200.
100
Calculate the highest common divisor of 405 and 30.
15
What is the highest common factor of 45 and 99?
9
Calculate the highest common divisor of 39 and 5213.
13
What is the highest common factor of 35 and 175?
35
What is the highest common factor of 111 and 481?
37
What is the greatest common divisor of 20 and 40?
20
What is the highest common divisor of 1659 and 63?
21
Calculate the highest common divisor of 5207 and 82.
41
What is the highest common divisor of 12 and 12?
12
What is the highest common divisor of 104 and 32?
8
What is the highest common divisor of 816 and 80?
16
Calculate the highest common divisor of 2340 and 252.
36
What is the greatest common factor of 18 and 930?
6
Calculate the highest common divisor of 370 and 150.
10
What is the greatest common factor of 58 and 319?
29
Calculate the greatest common factor of 612 and 8.
4
Calculate the highest common factor of 799 and 1037.
17
What is the greatest common divisor of 1593 and 27?
27
Calculate the highest common divisor of 69 and 1104.
69
Calculate the highest common factor of 60 and 21570.
30
Calculate the greatest common factor of 174 and 8178.
174
Calculate the highest common factor of 50 and 2650.
50
Calculate the highest common factor of 8160 and 136.
136
Calculate the greatest common divisor of 217 and 93.
31
What is the highest common factor of 10349 and 131?
131
Calculate the greatest common divisor of 9 and 6471.
9
Calculate the greatest common factor of 99 and 30393.
99
Calculate the highest common factor of 235 and 66505.
235
What is the greatest common divisor of 116 and 493?
29
Calculate the highest common divisor of 202 and 909.
101
What is the highest common divisor of 110 and 50?
10
What is the highest common factor of 2 and 512?
2
Calculate the highest common factor of 15 and 1875.
15
Calculate the highest common divisor of 312 and 195.
39
What is the greatest common divisor of 4 and 17?
1
Calculate the greatest common divisor of 15 and 3.
3
Calculate the greatest common divisor of 96 and 312.
24
What is the greatest common divisor of 15 and 15?
15
Calculate the greatest common divisor of 339 and 4181.
113
Calculate the highest common divisor of 555 and 60.
15
What is the highest common factor of 231 and 168?
21
What is the greatest common divisor of 338 and 26?
26
Calculate the highest common divisor of 636 and 15476.
212
What is the greatest common factor of 9 and 279?
9
Calculate the highest common factor of 25 and 955.
5
What is the highest common divisor of 460 and 2?
2
What is the greatest common factor of 858 and 462?
66
What is the highest common factor of 14 and 210?
14
Calculate the highest common divisor of 12 and 30.
6
Calculate the greatest common divisor of 22 and 4994.
22
Calculate the greatest common factor of 1235 and 715.
65
What is the highest common divisor of 4 and 876?
4
What is the highest common divisor of 67 and 871?
67
What is the greatest common divisor of 22 and 14?
2
What is the greatest common divisor of 41 and 2091?
41
What is the greatest common divisor of 2291 and 474?
79
Calculate the greatest common factor of 1139 and 737.
67
Calculate the greatest common factor of 2465 and 170.
85
Calculate the greatest common factor of 2403 and 27.
27
Calculate the highest common divisor of 198 and 126.
18
What is the greatest common factor of 187 and 3553?
187
What is the highest common factor of 428 and 41